the prime factors of 14251?
14251
What are the prime factors of 2085?
3, 5, 139
What are the prime factors of 2836?
2, 709
List the prime factors of 840.
2, 3, 5, 7
List the prime factors of 40715.
5, 17, 479
What are the prime factors of 24398?
2, 11, 1109
What are the prime factors of 102?
2, 3, 17
List the prime factors of 59384.
2, 13, 571
What are the prime factors of 618?
2, 3, 103
What are the prime factors of 301?
7, 43
What are the prime factors of 296?
2, 37
List the prime factors of 2910.
2, 3, 5, 97
What are the prime factors of 8468?
2, 29, 73
List the prime factors of 537.
3, 179
List the prime factors of 17417.
17417
List the prime factors of 14775.
3, 5, 197
List the prime factors of 546.
2, 3, 7, 13
List the prime factors of 5022.
2, 3, 31
List the prime factors of 71895.
3, 5, 4793
List the prime factors of 26415.
3, 5, 587
What are the prime factors of 121?
11
What are the prime factors of 2650?
2, 5, 53
What are the prime factors of 1290?
2, 3, 5, 43
List the prime factors of 432.
2, 3
List the prime factors of 1024.
2
What are the prime factors of 4140?
2, 3, 5, 23
What are the prime factors of 26947?
26947
What are the prime factors of 312?
2, 3, 13
List the prime factors of 66693.
3, 11, 43, 47
List the prime factors of 14441.
7, 2063
What are the prime factors of 11405?
5, 2281
List the prime factors of 12342.
2, 3, 11, 17
What are the prime factors of 3747?
3, 1249
List the prime factors of 23788.
2, 19, 313
List the prime factors of 142322.
2, 71161
What are the prime factors of 20345?
5, 13, 313
What are the prime factors of 2207?
2207
What are the prime factors of 12831?
3, 7, 13, 47
What are the prime factors of 7219?
7219
What are the prime factors of 8731?
8731
What are the prime factors of 1140?
2, 3, 5, 19
List the prime factors of 21689.
23, 41
List the prime factors of 67187.
67187
What are the prime factors of 303?
3, 101
What are the prime factors of 529?
23
What are the prime factors of 1131?
3, 13, 29
List the prime factors of 623.
7, 89
What are the prime factors of 1003?
17, 59
List the prime factors of 31615.
5, 6323
List the prime factors of 13788.
2, 3, 383
What are the prime factors of 68271?
3, 7, 3251
What are the prime factors of 4176?
2, 3, 29
What are the prime factors of 1521?
3, 13
What are the prime factors of 126342?
2, 3, 7019
List the prime factors of 1507.
11, 137
List the prime factors of 11544.
2, 3, 13, 37
List the prime factors of 1279.
1279
List the prime factors of 129.
3, 43
List the prime factors of 118875.
3, 5, 317
What are the prime factors of 1711?
29, 59
What are the prime factors of 8285?
5, 1657
List the prime factors of 6883.
6883
List the prime factors of 22267.
7, 3181
What are the prime factors of 1541?
23, 67
What are the prime factors of 18361?
7, 43, 61
List the prime factors of 17127.
3, 11, 173
What are the prime factors of 7840?
2, 5, 7
What are the prime factors of 2329?
17, 137
List the prime factors of 1430.
2, 5, 11, 13
List the prime factors of 5681.
13, 19, 23
List the prime factors of 5770.
2, 5, 577
What are the prime factors of 643?
643
What are the prime factors of 1548?
2, 3, 43
What are the prime factors of 49682?
2, 24841
List the prime factors of 71992.
2, 8999
List the prime factors of 8529.
3, 2843
List the prime factors of 5999.
7, 857
What are the prime factors of 6213?
3, 19, 109
What are the prime factors of 216?
2, 3
What are the prime factors of 7045?
5, 1409
What are the prime factors of 3194?
2, 1597
List the prime factors of 698.
2, 349
List the prime factors of 2481.
3, 827
What are the prime factors of 4459?
7, 13
What are the prime factors of 5099?
5099
What are the prime factors of 50264?
2, 61, 103
List the prime factors of 884.
2, 13, 17
What are the prime factors of 14923?
14923
List the prime factors of 1418.
2, 709
List the prime factors of 3927.
3, 7, 11, 17
What are the prime factors of 3167?
3167
List the prime factors of 49727.
49727
List the prime factors of 121910.
2, 5, 73, 167
What are the prime factors of 717?
3, 239
What are the prime factors of 2567?
17, 151
What are the prime factors of 40310?
2, 5, 29, 139
What are the prime factors of 13354?
2, 11, 607
List the prime factors of 5348.
2, 7, 191
List the prime factors of 1800.
2, 3, 5
What are the prime factors of 1373?
1373
List the prime factors of 922.
2, 461
List the prime factors of 126.
2, 3, 7
List the prime factors of 3164.
2, 7, 113
List the prime factors of 7052.
2, 41, 43
List the prime factors of 1042.
2, 521
List the prime factors of 12404.
2, 7, 443
List the prime factors of 21093.
3, 79, 89
What are the prime factors of 123?
3, 41
List the prime factors of 32808.
2, 3, 1367
What are the prime factors of 20669?
11, 1879
What are the prime factors of 2810?
2, 5, 281
What are the prime factors of 121?
11
What are the prime factors of 39071?
89, 439
What are the prime factors of 21602?
2, 7, 1543
What are the prime factors of 10969?
7, 1567
List the prime factors of 26062.
2, 83, 157
What are the prime factors of 14695?
5, 2939
List the prime factors of 9583.
7, 37
List the prime factors of 1550.
2, 5, 31
List the prime factors of 4007.
4007
List the prime factors of 1398.
2, 3, 233
List the prime factors of 11225.
5, 449
List the prime factors of 28589.
11, 23, 113
List the prime factors of 19821.
3, 6607
What are the prime factors of 3397?
43, 79
What are the prime factors of 12670?
2, 5, 7, 181
List the prime factors of 1349.
19, 71
What are the prime factors of 17531?
47, 373
List the prime factors of 54673.
54673
List the prime factors of 46.
2, 23
List the prime factors of 8327.
11, 757
What are the prime factors of 1339?
13, 103
List the prime factors of 17300.
2, 5, 173
What are the prime factors of 31085?
5, 6217
What are the prime factors of 3737?
37, 101
What are the prime factors of 176?
2, 11
What are the prime factors of 160?
2, 5
What are the prime factors of 1535?
5, 307
What are the prime factors of 101045?
5, 7, 2887
What are the prime factors of 3093?
3, 1031
What are the prime factors of 13469?
13469
List the prime factors of 1520.
2, 5, 19
List the prime factors of 525.
3, 5, 7
List the prime factors of 6785.
5, 23, 59
What are the prime factors of 5011?
5011
What are the prime factors of 6313?
59, 107
List the prime factors of 1357.
23, 59
List the prime factors of 19204.
2, 4801
What are the prime factors of 2830?
2, 5, 283
List the prime factors of 9698.
2, 13, 373
What are the prime factors of 3311?
7, 11, 43
List the prime factors of 13606.
2, 6803
List the prime factors of 134.
2, 67
What are the prime factors of 32002?
2, 16001
What are the prime factors of 48302?
2, 24151
List the prime factors of 318.
2, 3, 53
List the prime factors of 3956.
2, 23, 43
What are the prime factors of 7426?
2, 47, 79
List the prime factors of 3434.
2, 17, 101
What are the prime factors of 13338?
2, 3, 13, 19
What are the prime factors of 13868?
2, 3467
What are the prime factors of 5308?
2, 1327
List the prime factors of 1918.
2, 7, 137
List the prime factors of 77132.
2, 11, 1753
List the prime factors of 3644.
2, 911
List the prime factors of 14831.
14831
List the prime factors of 2893.
11, 263
What are the prime factors of 107068?
2, 13, 29, 71
List the prime factors of 3426.
2, 3, 571
What are the prime factors of 1065?
3, 5, 71
What are the prime factors of 1581?
3, 17, 31
What are the prime factors of 34570?
2, 5, 3457
List the prime factors of 1151.
1151
List the prime factors of 32823.
3, 7, 521
List the prime factors of 1659.
3, 7, 79
What are the prime factors of 1410?
2, 3, 5, 47
List the prime factors of 1072.
2, 67
List the prime factors of 6246.
2, 3, 347
What are the prime factors of 69570?
2, 3, 5, 773
What are the prime factors of 40743?
3, 503
List the prime factors of 16619.
16619
What are the prime factors of 16892?
2, 41, 103
List the prime factors of 6854.
2, 23, 149
What are the prime factors of 39635?
5, 7927
List the prime factors of 19502.
2, 7, 199
What are the prime factors of 6484?
2, 1621
List the prime factors of 5133.
3, 29, 59
List the prime factors of 239.
239
What are the prime factors of 40533?
3, 59, 229
What are the prime factors of 1071?
3, 7, 17
What are the prime factors of 1875?
3, 5
What are the prime